{"id":14656,"date":"2024-02-26T08:21:00","date_gmt":"2024-02-26T08:21:00","guid":{"rendered":"https:\/\/sodepal.es\/?post_type=evento&#038;p=14656"},"modified":"2024-02-26T20:14:18","modified_gmt":"2024-02-26T20:14:18","slug":"premio-fernando-cabrera-de-astronomia-2024","status":"publish","type":"evento","link":"https:\/\/sodepal.es\/en\/evento\/premio-fernando-cabrera-de-astronomia-2024\/","title":{"rendered":"Fernando Cabrera Astronomy Prize 2024"},"content":{"rendered":"<p>A new edition, in this case Regional, of the competition called the Fernando Cabrera Astronomy Prize, in memory of the late Fernando Cabrera, winner of the extraordinary prize for his degree and doctorate in astrophysics. He was a student at the UNED, a researcher at the Instituto de Astrof\u00edsica de Canarias, a founding member of the Agrupaci\u00f3n Astron\u00f3mica Isla de La Palma and an example of self-improvement.<\/p>\n\n\n\n<p>Organised by the Sociedad de Promoci\u00f3n y Desarrollo Econ\u00f3mico y Social de la isla de La Palma - SODEPAL and financed by the Tourism Department of the Cabildo Insular de La Palma, with the collaboration of the Agrupaci\u00f3n Astron\u00f3mica Isla de La Palma - AAP, the Instituto de Astrof\u00edsica de Canarias - IAC and IACTEC, the Universidad Nacional a Distancia - UNED, the Gran Telescopio Canarias - GTC, as representative of the ORM institutions, and the Observatorio del Teide - OT.&nbsp;<\/p>\n\n\n\n<p><strong><a href=\"https:\/\/sodepal.es\/wp-content\/uploads\/2024\/02\/BASES_Concurso_Fernando_Cabrera_Astro_2024_REGIONAL.pdf\" target=\"_blank\" rel=\"noreferrer noopener\">YOU CAN DOWNLOAD THE COMPETITION RULES FROM THIS LINK<\/a><\/strong><\/p>","protected":false},"featured_media":14659,"template":"","meta":{"_acf_changed":false},"categoria-eventos":[67],"class_list":["post-14656","evento","type-evento","status-publish","has-post-thumbnail","hentry","categoria-eventos-sodepal"],"acf":[],"yoast_head":"<!-- This site is optimized with the Yoast SEO Premium plugin v22.0 (Yoast SEO v27.5) - https:\/\/yoast.com\/product\/yoast-seo-premium-wordpress\/ -->\n<title>Premio Fernando Cabrera de Astronom\u00eda 2024 - Sociedad de Promoci\u00f3n y Desarrollo Econ\u00f3mico y Social de La Palma - SODEPAL<\/title>\n<meta name=\"description\" content=\"Agenda de eventos desarrollados por Sodepal\" \/>\n<meta name=\"robots\" content=\"index, follow, max-snippet:-1, max-image-preview:large, max-video-preview:-1\" \/>\n<link rel=\"canonical\" href=\"https:\/\/sodepal.es\/en\/evento\/premio-fernando-cabrera-de-astronomia-2024\/\" \/>\n<meta property=\"og:locale\" content=\"en_GB\" \/>\n<meta property=\"og:type\" content=\"article\" \/>\n<meta property=\"og:title\" content=\"Premio Fernando Cabrera de Astronom\u00eda 2024\" \/>\n<meta property=\"og:description\" content=\"Agenda de eventos desarrollados por Sodepal\" \/>\n<meta property=\"og:url\" content=\"https:\/\/sodepal.es\/en\/evento\/premio-fernando-cabrera-de-astronomia-2024\/\" \/>\n<meta property=\"og:site_name\" content=\"Sociedad de Promoci\u00f3n y Desarrollo Econ\u00f3mico y Social de La Palma - SODEPAL\" \/>\n<meta property=\"article:publisher\" content=\"https:\/\/www.facebook.com\/sodepal\" \/>\n<meta property=\"article:modified_time\" content=\"2024-02-26T20:14:18+00:00\" \/>\n<meta property=\"og:image\" content=\"https:\/\/sodepal.es\/wp-content\/uploads\/2024\/02\/WEB_Premio_Fernando_Cabrera_Astro_2024.jpg\" \/>\n\t<meta property=\"og:image:width\" content=\"1080\" \/>\n\t<meta property=\"og:image:height\" content=\"1080\" \/>\n\t<meta property=\"og:image:type\" content=\"image\/jpeg\" \/>\n<meta name=\"twitter:card\" content=\"summary_large_image\" \/>\n<script type=\"application\/ld+json\" class=\"yoast-schema-graph\">{\"@context\":\"https:\\\/\\\/schema.org\",\"@graph\":[{\"@type\":\"WebPage\",\"@id\":\"https:\\\/\\\/sodepal.es\\\/evento\\\/premio-fernando-cabrera-de-astronomia-2024\\\/\",\"url\":\"https:\\\/\\\/sodepal.es\\\/evento\\\/premio-fernando-cabrera-de-astronomia-2024\\\/\",\"name\":\"Premio Fernando Cabrera de Astronom\u00eda 2024 - Sociedad de Promoci\u00f3n y Desarrollo Econ\u00f3mico y Social de La Palma - SODEPAL\",\"isPartOf\":{\"@id\":\"https:\\\/\\\/sodepal.es\\\/#website\"},\"primaryImageOfPage\":{\"@id\":\"https:\\\/\\\/sodepal.es\\\/evento\\\/premio-fernando-cabrera-de-astronomia-2024\\\/#primaryimage\"},\"image\":{\"@id\":\"https:\\\/\\\/sodepal.es\\\/evento\\\/premio-fernando-cabrera-de-astronomia-2024\\\/#primaryimage\"},\"thumbnailUrl\":\"https:\\\/\\\/sodepal.es\\\/wp-content\\\/uploads\\\/2024\\\/02\\\/WEB_Premio_Fernando_Cabrera_Astro_2024.jpg\",\"datePublished\":\"2024-02-26T08:21:00+00:00\",\"dateModified\":\"2024-02-26T20:14:18+00:00\",\"description\":\"Agenda de eventos desarrollados por Sodepal\",\"breadcrumb\":{\"@id\":\"https:\\\/\\\/sodepal.es\\\/evento\\\/premio-fernando-cabrera-de-astronomia-2024\\\/#breadcrumb\"},\"inLanguage\":\"en-GB\",\"potentialAction\":[{\"@type\":\"ReadAction\",\"target\":[\"https:\\\/\\\/sodepal.es\\\/evento\\\/premio-fernando-cabrera-de-astronomia-2024\\\/\"]}]},{\"@type\":\"ImageObject\",\"inLanguage\":\"en-GB\",\"@id\":\"https:\\\/\\\/sodepal.es\\\/evento\\\/premio-fernando-cabrera-de-astronomia-2024\\\/#primaryimage\",\"url\":\"https:\\\/\\\/sodepal.es\\\/wp-content\\\/uploads\\\/2024\\\/02\\\/WEB_Premio_Fernando_Cabrera_Astro_2024.jpg\",\"contentUrl\":\"https:\\\/\\\/sodepal.es\\\/wp-content\\\/uploads\\\/2024\\\/02\\\/WEB_Premio_Fernando_Cabrera_Astro_2024.jpg\",\"width\":1080,\"height\":1080,\"caption\":\"Premio Fernando Cabrera de Astronom\u00eda\"},{\"@type\":\"BreadcrumbList\",\"@id\":\"https:\\\/\\\/sodepal.es\\\/evento\\\/premio-fernando-cabrera-de-astronomia-2024\\\/#breadcrumb\",\"itemListElement\":[{\"@type\":\"ListItem\",\"position\":1,\"name\":\"Inicio\",\"item\":\"https:\\\/\\\/sodepal.es\\\/\"},{\"@type\":\"ListItem\",\"position\":2,\"name\":\"Premio Fernando Cabrera de Astronom\u00eda 2024\"}]},{\"@type\":\"WebSite\",\"@id\":\"https:\\\/\\\/sodepal.es\\\/#website\",\"url\":\"https:\\\/\\\/sodepal.es\\\/\",\"name\":\"Sodepal\",\"description\":\"SODEPAL es una empresa p\u00fablica dependiente del Cabildo de La Palma. Promoci\u00f3n, Fomento y Desarrollo para la isla de La Palma\",\"publisher\":{\"@id\":\"https:\\\/\\\/sodepal.es\\\/#organization\"},\"alternateName\":\"Sociedad de Promoci\u00f3n y Desarrollo Econ\u00f3mico y Social de La Palma\",\"potentialAction\":[{\"@type\":\"SearchAction\",\"target\":{\"@type\":\"EntryPoint\",\"urlTemplate\":\"https:\\\/\\\/sodepal.es\\\/?s={search_term_string}\"},\"query-input\":{\"@type\":\"PropertyValueSpecification\",\"valueRequired\":true,\"valueName\":\"search_term_string\"}}],\"inLanguage\":\"en-GB\"},{\"@type\":\"Organization\",\"@id\":\"https:\\\/\\\/sodepal.es\\\/#organization\",\"name\":\"Sociedad de Promoci\u00f3n y Desarrollo Econ\u00f3mico y Social de La Palma\",\"alternateName\":\"Sodepal\",\"url\":\"https:\\\/\\\/sodepal.es\\\/\",\"logo\":{\"@type\":\"ImageObject\",\"inLanguage\":\"en-GB\",\"@id\":\"https:\\\/\\\/sodepal.es\\\/#\\\/schema\\\/logo\\\/image\\\/\",\"url\":\"https:\\\/\\\/sodepal.es\\\/wp-content\\\/uploads\\\/2022\\\/09\\\/logo_web.png\",\"contentUrl\":\"https:\\\/\\\/sodepal.es\\\/wp-content\\\/uploads\\\/2022\\\/09\\\/logo_web.png\",\"width\":658,\"height\":156,\"caption\":\"Sociedad de Promoci\u00f3n y Desarrollo Econ\u00f3mico y Social de La Palma\"},\"image\":{\"@id\":\"https:\\\/\\\/sodepal.es\\\/#\\\/schema\\\/logo\\\/image\\\/\"},\"sameAs\":[\"https:\\\/\\\/www.facebook.com\\\/sodepal\",\"https:\\\/\\\/www.instagram.com\\\/sodepallapalma\\\/\"],\"description\":\"Sociedad de Promoci\u00f3n y Desarrollo econ\u00f3mico y Social de La Palma, empresa p\u00fablica dependiente del Cabildo de La Palma\",\"email\":\"info@sodepal.es\",\"telephone\":\"922417323\",\"legalName\":\"Sociedad de Promoci\u00f3n y Desarrollo Econ\u00f3mico de la isla de La Palma S.A.U.\"}]}<\/script>\n<!-- \/ Yoast SEO Premium plugin. -->","yoast_head_json":{"title":"Premio Fernando Cabrera de Astronom\u00eda 2024 - Sociedad de Promoci\u00f3n y Desarrollo Econ\u00f3mico y Social de La Palma - SODEPAL","description":"Agenda de eventos desarrollados por Sodepal","robots":{"index":"index","follow":"follow","max-snippet":"max-snippet:-1","max-image-preview":"max-image-preview:large","max-video-preview":"max-video-preview:-1"},"canonical":"https:\/\/sodepal.es\/en\/evento\/premio-fernando-cabrera-de-astronomia-2024\/","og_locale":"en_GB","og_type":"article","og_title":"Premio Fernando Cabrera de Astronom\u00eda 2024","og_description":"Agenda de eventos desarrollados por Sodepal","og_url":"https:\/\/sodepal.es\/en\/evento\/premio-fernando-cabrera-de-astronomia-2024\/","og_site_name":"Sociedad de Promoci\u00f3n y Desarrollo Econ\u00f3mico y Social de La Palma - SODEPAL","article_publisher":"https:\/\/www.facebook.com\/sodepal","article_modified_time":"2024-02-26T20:14:18+00:00","og_image":[{"width":1080,"height":1080,"url":"https:\/\/sodepal.es\/wp-content\/uploads\/2024\/02\/WEB_Premio_Fernando_Cabrera_Astro_2024.jpg","type":"image\/jpeg"}],"twitter_card":"summary_large_image","schema":{"@context":"https:\/\/schema.org","@graph":[{"@type":"WebPage","@id":"https:\/\/sodepal.es\/evento\/premio-fernando-cabrera-de-astronomia-2024\/","url":"https:\/\/sodepal.es\/evento\/premio-fernando-cabrera-de-astronomia-2024\/","name":"Premio Fernando Cabrera de Astronom\u00eda 2024 - Sociedad de Promoci\u00f3n y Desarrollo Econ\u00f3mico y Social de La Palma - SODEPAL","isPartOf":{"@id":"https:\/\/sodepal.es\/#website"},"primaryImageOfPage":{"@id":"https:\/\/sodepal.es\/evento\/premio-fernando-cabrera-de-astronomia-2024\/#primaryimage"},"image":{"@id":"https:\/\/sodepal.es\/evento\/premio-fernando-cabrera-de-astronomia-2024\/#primaryimage"},"thumbnailUrl":"https:\/\/sodepal.es\/wp-content\/uploads\/2024\/02\/WEB_Premio_Fernando_Cabrera_Astro_2024.jpg","datePublished":"2024-02-26T08:21:00+00:00","dateModified":"2024-02-26T20:14:18+00:00","description":"Agenda de eventos desarrollados por Sodepal","breadcrumb":{"@id":"https:\/\/sodepal.es\/evento\/premio-fernando-cabrera-de-astronomia-2024\/#breadcrumb"},"inLanguage":"en-GB","potentialAction":[{"@type":"ReadAction","target":["https:\/\/sodepal.es\/evento\/premio-fernando-cabrera-de-astronomia-2024\/"]}]},{"@type":"ImageObject","inLanguage":"en-GB","@id":"https:\/\/sodepal.es\/evento\/premio-fernando-cabrera-de-astronomia-2024\/#primaryimage","url":"https:\/\/sodepal.es\/wp-content\/uploads\/2024\/02\/WEB_Premio_Fernando_Cabrera_Astro_2024.jpg","contentUrl":"https:\/\/sodepal.es\/wp-content\/uploads\/2024\/02\/WEB_Premio_Fernando_Cabrera_Astro_2024.jpg","width":1080,"height":1080,"caption":"Premio Fernando Cabrera de Astronom\u00eda"},{"@type":"BreadcrumbList","@id":"https:\/\/sodepal.es\/evento\/premio-fernando-cabrera-de-astronomia-2024\/#breadcrumb","itemListElement":[{"@type":"ListItem","position":1,"name":"Inicio","item":"https:\/\/sodepal.es\/"},{"@type":"ListItem","position":2,"name":"Premio Fernando Cabrera de Astronom\u00eda 2024"}]},{"@type":"WebSite","@id":"https:\/\/sodepal.es\/#website","url":"https:\/\/sodepal.es\/","name":"Sodepal","description":"SODEPAL es una empresa p\u00fablica dependiente del Cabildo de La Palma. Promoci\u00f3n, Fomento y Desarrollo para la isla de La Palma","publisher":{"@id":"https:\/\/sodepal.es\/#organization"},"alternateName":"Sociedad de Promoci\u00f3n y Desarrollo Econ\u00f3mico y Social de La Palma","potentialAction":[{"@type":"SearchAction","target":{"@type":"EntryPoint","urlTemplate":"https:\/\/sodepal.es\/?s={search_term_string}"},"query-input":{"@type":"PropertyValueSpecification","valueRequired":true,"valueName":"search_term_string"}}],"inLanguage":"en-GB"},{"@type":"Organization","@id":"https:\/\/sodepal.es\/#organization","name":"Sociedad de Promoci\u00f3n y Desarrollo Econ\u00f3mico y Social de La Palma","alternateName":"Sodepal","url":"https:\/\/sodepal.es\/","logo":{"@type":"ImageObject","inLanguage":"en-GB","@id":"https:\/\/sodepal.es\/#\/schema\/logo\/image\/","url":"https:\/\/sodepal.es\/wp-content\/uploads\/2022\/09\/logo_web.png","contentUrl":"https:\/\/sodepal.es\/wp-content\/uploads\/2022\/09\/logo_web.png","width":658,"height":156,"caption":"Sociedad de Promoci\u00f3n y Desarrollo Econ\u00f3mico y Social de La Palma"},"image":{"@id":"https:\/\/sodepal.es\/#\/schema\/logo\/image\/"},"sameAs":["https:\/\/www.facebook.com\/sodepal","https:\/\/www.instagram.com\/sodepallapalma\/"],"description":"Sociedad de Promoci\u00f3n y Desarrollo econ\u00f3mico y Social de La Palma, empresa p\u00fablica dependiente del Cabildo de La Palma","email":"info@sodepal.es","telephone":"922417323","legalName":"Sociedad de Promoci\u00f3n y Desarrollo Econ\u00f3mico de la isla de La Palma S.A.U."}]}},"_links":{"self":[{"href":"https:\/\/sodepal.es\/en\/wp-json\/wp\/v2\/evento\/14656","targetHints":{"allow":["GET"]}}],"collection":[{"href":"https:\/\/sodepal.es\/en\/wp-json\/wp\/v2\/evento"}],"about":[{"href":"https:\/\/sodepal.es\/en\/wp-json\/wp\/v2\/types\/evento"}],"version-history":[{"count":0,"href":"https:\/\/sodepal.es\/en\/wp-json\/wp\/v2\/evento\/14656\/revisions"}],"wp:featuredmedia":[{"embeddable":true,"href":"https:\/\/sodepal.es\/en\/wp-json\/wp\/v2\/media\/14659"}],"wp:attachment":[{"href":"https:\/\/sodepal.es\/en\/wp-json\/wp\/v2\/media?parent=14656"}],"wp:term":[{"taxonomy":"categoria-eventos","embeddable":true,"href":"https:\/\/sodepal.es\/en\/wp-json\/wp\/v2\/categoria-eventos?post=14656"}],"curies":[{"name":"wp","href":"https:\/\/api.w.org\/{rel}","templated":true}]}}

<p>A new edition, in this case Regional, of the competition called the Fernando Cabrera Astronomy Prize, in memory of the late Fernando Cabrera, winner of the extraordinary prize for his degree and doctorate in astrophysics. He was a student at the UNED, a researcher at the Instituto de Astrofísica de Canarias, a founding member of the Agrupación Astronómica Isla de La Palma and an example of self-improvement.</p>



<p>Organised by the Sociedad de Promoción y Desarrollo Económico y Social de la isla de La Palma - SODEPAL and financed by the Tourism Department of the Cabildo Insular de La Palma, with the collaboration of the Agrupación Astronómica Isla de La Palma - AAP, the Instituto de Astrofísica de Canarias - IAC and IACTEC, the Universidad Nacional a Distancia - UNED, the Gran Telescopio Canarias - GTC, as representative of the ORM institutions, and the Observatorio del Teide - OT.&nbsp;</p>



<p><strong><a href="https://sodepal.es/wp-content/uploads/2024/02/BASES_Concurso_Fernando_Cabrera_Astro_2024_REGIONAL.pdf" target="_blank" rel="noreferrer noopener">YOU CAN DOWNLOAD THE COMPETITION RULES FROM THIS LINK</a></strong></p>

<!-- This site is optimized with the Yoast SEO Premium plugin v22.0 (Yoast SEO v27.5) - https://yoast.com/product/yoast-seo-premium-wordpress/ -->
<title>Premio Fernando Cabrera de Astronomía 2024 - Sociedad de Promoción y Desarrollo Económico y Social de La Palma - SODEPAL</title>
<meta name="description" content="Agenda de eventos desarrollados por Sodepal" />
<meta name="robots" content="index, follow, max-snippet:-1, max-image-preview:large, max-video-preview:-1" />
<link rel="canonical" href="https://sodepal.es/en/evento/premio-fernando-cabrera-de-astronomia-2024/" />
<meta property="og:locale" content="en_GB" />
<meta property="og:type" content="article" />
<meta property="og:title" content="Premio Fernando Cabrera de Astronomía 2024" />
<meta property="og:description" content="Agenda de eventos desarrollados por Sodepal" />
<meta property="og:url" content="https://sodepal.es/en/evento/premio-fernando-cabrera-de-astronomia-2024/" />
<meta property="og:site_name" content="Sociedad de Promoción y Desarrollo Económico y Social de La Palma - SODEPAL" />
<meta property="article:publisher" content="https://www.facebook.com/sodepal" />
<meta property="article:modified_time" content="2024-02-26T20:14:18+00:00" />
<meta property="og:image" content="https://sodepal.es/wp-content/uploads/2024/02/WEB_Premio_Fernando_Cabrera_Astro_2024.jpg" />
	<meta property="og:image:width" content="1080" />
	<meta property="og:image:height" content="1080" />
	<meta property="og:image:type" content="image/jpeg" />
<meta name="twitter:card" content="summary_large_image" />
<script type="application/ld+json" class="yoast-schema-graph">{"@context":"https:\/\/schema.org","@graph":[{"@type":"WebPage","@id":"https:\/\/sodepal.es\/evento\/premio-fernando-cabrera-de-astronomia-2024\/","url":"https:\/\/sodepal.es\/evento\/premio-fernando-cabrera-de-astronomia-2024\/","name":"Premio Fernando Cabrera de Astronomía 2024 - Sociedad de Promoción y Desarrollo Económico y Social de La Palma - SODEPAL","isPartOf":{"@id":"https:\/\/sodepal.es\/#website"},"primaryImageOfPage":{"@id":"https:\/\/sodepal.es\/evento\/premio-fernando-cabrera-de-astronomia-2024\/#primaryimage"},"image":{"@id":"https:\/\/sodepal.es\/evento\/premio-fernando-cabrera-de-astronomia-2024\/#primaryimage"},"thumbnailUrl":"https:\/\/sodepal.es\/wp-content\/uploads\/2024\/02\/WEB_Premio_Fernando_Cabrera_Astro_2024.jpg","datePublished":"2024-02-26T08:21:00+00:00","dateModified":"2024-02-26T20:14:18+00:00","description":"Agenda de eventos desarrollados por Sodepal","breadcrumb":{"@id":"https:\/\/sodepal.es\/evento\/premio-fernando-cabrera-de-astronomia-2024\/#breadcrumb"},"inLanguage":"en-GB","potentialAction":[{"@type":"ReadAction","target":["https:\/\/sodepal.es\/evento\/premio-fernando-cabrera-de-astronomia-2024\/"]}]},{"@type":"ImageObject","inLanguage":"en-GB","@id":"https:\/\/sodepal.es\/evento\/premio-fernando-cabrera-de-astronomia-2024\/#primaryimage","url":"https:\/\/sodepal.es\/wp-content\/uploads\/2024\/02\/WEB_Premio_Fernando_Cabrera_Astro_2024.jpg","contentUrl":"https:\/\/sodepal.es\/wp-content\/uploads\/2024\/02\/WEB_Premio_Fernando_Cabrera_Astro_2024.jpg","width":1080,"height":1080,"caption":"Premio Fernando Cabrera de Astronomía"},{"@type":"BreadcrumbList","@id":"https:\/\/sodepal.es\/evento\/premio-fernando-cabrera-de-astronomia-2024\/#breadcrumb","itemListElement":[{"@type":"ListItem","position":1,"name":"Inicio","item":"https:\/\/sodepal.es\/"},{"@type":"ListItem","position":2,"name":"Premio Fernando Cabrera de Astronomía 2024"}]},{"@type":"WebSite","@id":"https:\/\/sodepal.es\/#website","url":"https:\/\/sodepal.es\/","name":"Sodepal","description":"SODEPAL es una empresa pública dependiente del Cabildo de La Palma. Promoción, Fomento y Desarrollo para la isla de La Palma","publisher":{"@id":"https:\/\/sodepal.es\/#organization"},"alternateName":"Sociedad de Promoción y Desarrollo Económico y Social de La Palma","potentialAction":[{"@type":"SearchAction","target":{"@type":"EntryPoint","urlTemplate":"https:\/\/sodepal.es\/?s={search_term_string}"},"query-input":{"@type":"PropertyValueSpecification","valueRequired":true,"valueName":"search_term_string"}}],"inLanguage":"en-GB"},{"@type":"Organization","@id":"https:\/\/sodepal.es\/#organization","name":"Sociedad de Promoción y Desarrollo Económico y Social de La Palma","alternateName":"Sodepal","url":"https:\/\/sodepal.es\/","logo":{"@type":"ImageObject","inLanguage":"en-GB","@id":"https:\/\/sodepal.es\/#\/schema\/logo\/image\/","url":"https:\/\/sodepal.es\/wp-content\/uploads\/2022\/09\/logo_web.png","contentUrl":"https:\/\/sodepal.es\/wp-content\/uploads\/2022\/09\/logo_web.png","width":658,"height":156,"caption":"Sociedad de Promoción y Desarrollo Económico y Social de La Palma"},"image":{"@id":"https:\/\/sodepal.es\/#\/schema\/logo\/image\/"},"sameAs":["https:\/\/www.facebook.com\/sodepal","https:\/\/www.instagram.com\/sodepallapalma\/"],"description":"Sociedad de Promoción y Desarrollo económico y Social de La Palma, empresa pública dependiente del Cabildo de La Palma","email":"info@sodepal.es","telephone":"922417323","legalName":"Sociedad de Promoción y Desarrollo Económico de la isla de La Palma S.A.U."}]}</script>
<!-- / Yoast SEO Premium plugin. -->

Premio Fernando Cabrera de Astronomía 2024 - Sociedad de Promoción y Desarrollo Económico y Social de La Palma - SODEPAL

Premio Fernando Cabrera de Astronomía 2024

Sociedad de Promoción y Desarrollo Económico y Social de La Palma - SODEPAL

Premio Fernando Cabrera de Astronomía

SODEPAL es una empresa pública dependiente del Cabildo de La Palma. Promoción, Fomento y Desarrollo para la isla de La Palma

Sociedad de Promoción y Desarrollo Económico y Social de La Palma

Sociedad de Promoción y Desarrollo económico y Social de La Palma, empresa pública dependiente del Cabildo de La Palma

Sociedad de Promoción y Desarrollo Económico de la isla de La Palma S.A.U.
